hat is o(7)?
2
Let w(d) = 13*d - 40. Determine w(4).
12
Let t(g) = -3*g + 16. Give t(6).
-2
Let f(x) = -x**3 + 16*x**2 + 76*x + 81. Determine f(20).
1
Let f(n) = n - 9. Calculate f(5).
-4
Let w(a) = -a**3 - 9*a**2 + 10*a - 6. Give w(-10).
-6
Let r(v) = v**3 - 13*v**2 + 27*v - 51. Calculate r(11).
4
Let o(j) = j**3 + 6*j**2 + 7*j + 12. Calculate o(-5).
2
Let h(w) = -w**3 + 23*w**2 - 115*w + 54. Determine h(16).
6
Let q(d) = -d**3 + 12*d**2 - 2*d + 10. What is q(12)?
-14
Let x(h) = h**2 + 2*h + 3. Give x(-3).
6
Let t(j) = -j + 3. Calculate t(10).
-7
Let n(k) = 3*k**2 + 8*k + 4. Determine n(-3).
7
Let s(m) = -7*m**2 - 10*m + 43. What is s(3)?
-50
Let k(s) = s**3 + 6*s**2 - 11*s - 13. Calculate k(-7).
15
Let a(o) = -o**3 + 4*o**2 - 33*o + 185. Give a(5).
-5
Let q(m) = 11*m - 41. Give q(0).
-41
Let h(x) = 6*x**3 + 3*x**2 + 3*x + 5. Determine h(-2).
-37
Let t(n) = n**3 + 7*n**2 + 8*n - 8. Determine t(-7).
-64
Let s(f) = 5*f**2 + 41*f - 26. Determine s(-11).
128
Let m(h) = h - 9. What is m(-16)?
-25
Let c(q) = 2*q**2 + 13*q + 23. Determine c(-6).
17
Let f(b) = -2*b - 13. Determine f(5).
-23
Let p(g) = g**3 - 10*g**2 - 13*g - 14. Determine p(11).
-36
Let k(a) = -4*a - 115. Give k(-32).
13
Let h(o) = o**3 - 6*o**2 + 10*o - 7. Determine h(3).
-4
Let c(s) = 3*s**3 - s**2 - s + 1. What is c(1)?
2
Let u(h) = -h**3 - 37*h**2 + 36*h + 2. What is u(-38)?
78
Let y(b) = -3*b**2 + 13*b + 13. What is y(6)?
-17
Let o(x) = -x**3 + 9*x**2 + 9*x - 9. Determine o(10).
-19
Let g(p) = -p**3 - p**2 + p + 6. Determine g(-2).
8
Let x(v) = v**2 + 9*v + 7. Give x(-9).
7
Let w(b) = 3*b**2 + 4*b + 1. Determine w(-1).
0
Let c(a) = a**2 + 9*a + 6. What is c(-7)?
-8
Let h(t) = -5*t - 10. Determine h(-5).
15
Let o(w) = -w**2 - 12*w - 1. Calculate o(-9).
26
Let s(d) = -8*d**2 + 3*d + 2. What is s(-1)?
-9
Let v(s) = s**3 - 5*s**2 - 3*s - 25. Calculate v(6).
-7
Let z(f) = -f - 2. Give z(-2).
0
Let v(i) = -i**2 - 20*i - 36. Calculate v(-16).
28
Let r(u) = -u**3 + 21*u**2 + 51*u - 121. What is r(23)?
-6
Let u(y) = 13*y. Calculate u(5).
65
Let i(y) = -y**3 + 13*y**2 + 5. Determine i(13).
5
Let g(r) = -222*r - 1553. What is g(-7)?
1
Let d(r) = r - 1. Calculate d(2).
1
Let v(r) = -r**3 - 27*r**2 + 2*r + 31. Give v(-27).
-23
Let l(g) = 34*g + 6. What is l(-2)?
-62
Let w(o) = o**3 + 10*o**2 + 13*o + 2. Calculate w(-9).
-34
Let s(b) = -b**3 - 11*b**2 + 10*b - 8. Determine s(-12).
16
Let f(s) = 4*s**3 - 2*s + 2. Determine f(-2).
-26
Let u(w) = -2*w - 40. Determine u(7).
-54
Let v(c) = c**2 - 11*c + 4. Give v(10).
-6
Let g(u) = -3*u**2 - 4. Determine g(-2).
-16
Let j(r) = -r**3 + 15*r**2 - 17*r + 1. Give j(14).
-41
Let w(b) = b**2 + 7*b + 5. Determine w(-5).
-5
Let q(z) = z**3 + 10*z**2 + 7*z - 13. Give q(-9).
5
Let b(x) = x**3 + 15*x**2 + 23*x - 32. Determine b(-13).
7
Let r(i) = i + 11. Give r(-2).
9
Let d(k) = k**3 + 4*k**2 - k. Give d(-4).
4
Let i(b) = -2*b - 17. What is i(-12)?
7
Let v(y) = y**2 + 6*y - 42. Give v(4).
-2
Let x(l) = l**3 + 10*l**2 + 9*l + 6. What is x(-9)?
6
Let s(p) = -p**2 + 3*p + 175. Determine s(0).
175
Let a(i) = -46*i - 2. Give a(1).
-48
Let w(d) = 16*d**3 + 1. Calculate w(1).
17
Let s(g) = -g**3 + 5*g**2 - 4*g - 1. Determine s(4).
-1
Let b(i) = i**2 - 2*i - 63. Calculate b(-7).
0
Let s(r) = 5*r - 1. Determine s(-6).
-31
Let r(m) = -m**3 - 8*m**2 + 3*m + 29. Give r(-8).
5
Let d(t) = t**3 + 14*t**2 + 11*t - 19. Calculate d(-13).
7
Let r(t) = t**2 - 12*t + 5. What is r(15)?
50
Let z(x) = -7*x**2 + x - 1. Give z(1).
-7
Let c(b) = -3*b + 3. Give c(6).
-15
Let y(a) = a**3 + 23*a**2 - 23*a + 32. What is y(-24)?
8
Let n(u) = -10*u**3 + u**2 - u - 1. What is n(-1)?
11
Let k(l) = -21*l**2 - 2*l + 2. Determine k(1).
-21
Let p(t) = -t**3 + t**2 + 6*t + 1. What is p(3)?
1
Let z(k) = 2*k**2 - k + 2. Give z(1).
3
Let p(f) = -f**3 + 17*f**2 + f - 16. Calculate p(17).
1
Let c(m) = m**2 - 8*m - 7. What is c(10)?
13
Let w(d) = 2*d**3 - d - 1. Give w(-1).
-2
Let d(b) = b**3 - 8*b**2 + 4*b - 3. Give d(5).
-58
Let s(c) = c**3 + 18*c**2 - 46*c - 23. Determine s(-20).
97
Let u(g) = -g**2 - 4*g + 24. Calculate u(-6).
12
Let w(d) = -d**3 + 10*d**2 - 22*d + 15. Determine w(2).
3
Let u(d) = 2*d**2 + 9*d + 3. What is u(-4)?
-1
Let b(t) = -t**3 - 3*t**2 - 6*t. Calculate b(-4).
40
Let j(s) = 17*s**2 + 8*s + 5. Give j(-1).
14
Let g(h) = 8*h + 113. What is g(-13)?
9
Let i(d) = 7*d + 1. What is i(-2)?
-13
Let k(t) = t**3 + 9*t**2 + 8*t - 2. Determine k(-6).
58
Let w(q) = 4*q + 1. Calculate w(2).
9
Let v(b) = 4*b**2 + b - 25. Calculate v(5).
80
Let s(w) = -w**3 - 15*w**2 - 2*w - 89. Calculate s(-15).
-59
Let s(z) = z + 21. Give s(-27).
-6
Let n(f) = -f**2 + 7*f - 8. Calculate n(6).
-2
Let d(c) = -9*c - 1. Determine d(-2).
17
Let k(y) = -y**3 - 5*y**2 - 4*y - 3. Give k(-4).
-3
Let p(h) = h + 3. Give p(5).
8
Let k(x) = -x**3 + 6*x**2 + 2*x + 2. What is k(4)?
42
Let x(n) = -8*n**2 + 2*n + 2. Give x(-1).
-8
Let x(p) = -3*p**3 - 3*p**2 + 3*p + 4. Determine x(2).
-26
Let r(y) = y**3 - 4*y**2 + 2*y - 5. What is r(5)?
30
Let j(r) = 16*r + 95. Give j(-6).
-1
Let m(u) = u**2 - 30*u + 172. What is m(23)?
11
Let a(b) = -b**3 + 6*b**2 - 14*b + 22. Determine a(4).
-2
Let u(n) = 3*n**3 - 9*n**2 - 4*n + 3. Determine u(4).
35
Let a(c) = -150*c - 747. What is a(-5)?
3
Let b(u) = 32*u. Give b(2).
64
Let k(h) = -6*h + 1. Determine k(-1).
7
Let s(o) = -o**2 - 64*o - 227. Determine s(-60).
13
Let d(h) = h**3 - 6*h**2 - 12*h + 2. Calculate d(8).
34
Let g(n) = n**3 - 17*n**2 - 3*n + 46. Give g(17).
-5
Let z(g) = -g - 11. Calculate z(-12).
1
Let q(n) = -2*n - 16. Give q(-7).
-2
Let g(b) = b - 9. Calculate g(-11).
-20
Let d(g) = -g - 21. Determine d(-10).
-11
Let i(x) = -2*x**3 - 3*x**2 - 3*x - 5. Determine i(-2).
5
Let o(v) = 2*v**3 - 20*v**2 - v. What is o(10)?
-10
Let h(y) = 2*y**3 + y**2 + y. Give h(-2).
-14
Let q(k) = -k - 3. What is q(6)?
-9
Let w(s) = -4*s**2 - 12*s + 5. Give w(-4).
-11
Let n(w) = w**3 + 5*w**2 - 9*w - 2. Calculate n(-6).
16
Let s(y) = -y**3 + 7*y**2 - 7*y + 11. What is s(7)?
-38
Let q(d) = -4*d + 2. Determine q(-4).
18
Let l(m) = -2*m + 9. Calculate l(-23).
55
Let m(j) = j**2 + 12*j + 16. Determine m(-6).
-20
Let j(b) = 5*b**3 - 8*b - 4. Calculate j(-2).
-28
Let c(y) = 2*y**3 - y**2 - 3*y + 1. Determine c(-3).
-53
Let o(w) = w + 6. What is o(-26)?
-20
Let t(o) = 4*o - 21. What is t(6)?
3
Let s(x) = 43*x + 1414. What is s(-33)?
-5
Let l(w) = 6*w**2 - 2*w - 6. What is l(-2)?
22
Let h(t) = -t**2 - 7*t - 8. Give h(-7).
-8
Let g(m) = -m + 77. Determine g(27).
50
Let v(s) = 2*s + 7. What is v(7)?
21
Let q(j) = -j**2 - 10*j - 21. What is q(-9)?
-12
Let u(m) = -2*m + 14. Give u(-6).
26
Let b(v) = 5*v + 47. Determine b(-11).
-8
Let b(u) = u**2 + 3*u - 3. Determine b(-5).
7
Let g(i) = i**2 + 19. Give g(0).
19
Let n(f) = 13*f**3 - f**2. Determine n(-1).
-14
Let d(y) = 3*y**2 - 35*y + 14. Give d(11).
-8
Let p(d) = -d**3 + 2*d**2 + 6*d + 9. Calculate p(4).
1
Let n(w) = 9*w - 14. What is n(8)?
58
Let u(x) = -x**3 + 14*x**2 - 14*x + 12. Give u(13).
-1
Let b(r) = -r**3 - 3*r**2 + 1. What is b(-4)?
17
Let a(l) = l**3 - 8*l**2 + 3*l + 11. Determine a(7).
-17
Let o(p) = p**2 + 10*p + 17. What is o(-6)?
-7
Let y(k) = -k**3 + 12*k**2 + 12*k + 19. Calculate y(13).
6
Let u(n) = -n**3 - 2*n**2 + 5*n + 1. What is u(-2)?
-9
Let u(o) = 6*o - 3. Calculate u(5).
27
Let i(s) = -s**3 - 12*s**2 - 26*s + 1. Give i(-9).
-8
Let m(o) = o - 24. Determine m(9).
-15
Let c(m) = 15*m**2 + 89*m - 3. Determine c(-6).
3
Let p(y) = y + 7. Calculate p(10).
17
Let a(d) = d**3 + 3*d**2 - d + 1. What is a(-3)?
4
Let d(v) = 8*v**3 - 3*v**2 + 3*v - 3. Give d(2).
55
Let c(w) = w. Determine c(-6).
-6
Let k(c) = -c - 11. What is k(-2)?
-9
Let l(g) = 30*g + 299. What is l(-10)?
-1
Let d(g) = -10*g + 217. Calculate d(22).
-3
Let i(t) = -t**3 - 8*t**2 + 23*t + 127. Give i(-9).
1
Let l(c) = -44*c - 120. Give l(-6).
144
Let l(g) = 3*g**3 + 6*g**2 + 8*g + 7. Determine l(-3).
-44
Let k(s) = s**2 - 11*s - 10. Calculate k(11).
-10
Let v(y) = 6*y**3 - 4*y**2 + 1. Give v(-3).
-197
Let c(y) = 4*y + 7. What is c(-7)?
-21
Let t(z) = -6*z - 7. Give t(-2).
5
Let f(i) = -2*i**2 + 4*i + 1. Calculate f(3).
-5
Let v(s) = -3*s - 136. Give v(-48).
8
Let u(o) = -8*o**2 + 3*o - 2. What is u(1)?
-7
Let y(n) = n**3 + 11*n**2 + 4*n - 35. Give y(-10).
25
Let w(f) = f + 7. What